 4eb - 1f?
4cc
In base 3, what is -10201121 - 110?
-10202001
In base 13, what is -36 + 4936b?
49335
In base 2, what is 10 + 1000001000111110?
1000001001000000
In base 5, what is -12 + 1223011?
1222444
In base 3, what is -1121100121 + 0?
-1121100121
In base 7, what is 454153 + 3?
454156
In base 13, what is 5500 - -1?
5501
In base 7, what is -23 - -12623?
12600
In base 12, what is -a + -194?
-1a2
In base 14, what is 127c - 10?
126c
In base 15, what is -e88 + -33c?
-12c5
In base 6, what is -340542 + 3?
-340535
In base 7, what is -164 + 1330?
1133
In base 10, what is 2 + -48997?
-48995
In base 5, what is 1042413 + -2?
1042411
In base 15, what is 78 - 112a?
-10a2
In base 2, what is -10010 + -110010111011?
-110011001101
In base 14, what is 1 + 61c4?
61c5
In base 16, what is -2 + dbe?
dbc
In base 8, what is -51 + -1733?
-2004
In base 7, what is -400 + -3421?
-4121
In base 12, what is -45 + -890?
-915
In base 10, what is -62 - 41014?
-41076
In base 4, what is -32 - -2213101?
2213003
In base 2, what is 1100101011 + 11011?
1101000110
In base 13, what is 190 - -31?
1c1
In base 7, what is 166515 - 11?
166504
In base 7, what is 11312 + -3?
11306
In base 9, what is 2 + 570?
572
In base 12, what is 2 - 26596?
-26594
In base 5, what is -1314133 + 10?
-1314123
In base 3, what is -11 + 100220100221?
100220100210
In base 5, what is 20444 - -313?
21312
In base 8, what is 111304 + -6?
111276
In base 4, what is 1110210 - 213?
1103331
In base 12, what is 2 - -1509a?
150a0
In base 2, what is -1101100101101001110 - -10?
-1101100101101001100
In base 9, what is -3622 - 33?
-3655
In base 7, what is -23442 - 42?
-23514
In base 14, what is 1acc + -14?
1ab8
In base 13, what is -6 - 376a?
-3773
In base 11, what is -32 - 7044?
-7076
In base 4, what is -30023 - 20102?
-110131
In base 16, what is -5 + -d512?
-d517
In base 13, what is -4 + 3a0b3?
3a0ac
In base 15, what is 1 + 4941?
4942
In base 3, what is -2110122000 + 1221?
-2110120002
In base 6, what is -52011321 - 1?
-52011322
In base 8, what is 113720 - -2?
113722
In base 7, what is -23552 + -1505?
-25360
In base 9, what is -63426 - 3?
-63430
In base 13, what is -2 - 399?
-39b
In base 11, what is 22301 + 10?
22311
In base 12, what is 28a33 + 4?
28a37
In base 16, what is 1 - 16a77?
-16a76
In base 14, what is -281d - 238?
-2a57
In base 13, what is 548c8 + -1?
548c7
In base 15, what is -357 - -19?
-33d
In base 2, what is 10 - 1011110000100111?
-1011110000100101
In base 7, what is 46416 + -2?
46414
In base 3, what is -1120212121 + 11?
-1120212110
In base 10, what is -4 + -8138?
-8142
In base 10, what is -4 + 2284?
2280
In base 4, what is -1012313 + 23?
-1012230
In base 16, what is -5 - -1e6e?
1e69
In base 6, what is 10 + 44353?
44403
In base 9, what is -7501 + -1?
-7502
In base 13, what is 13 - -352?
365
In base 15, what is 33ddd + -10?
33dcd
In base 12, what is 51 - 1b3?
-162
In base 13, what is -5bb72 + -2?
-5bb74
In base 13, what is 0 + -5b94?
-5b94
In base 16, what is 322 + 12b?
44d
In base 13, what is -5 - 10c9?
-1101
In base 9, what is -14 + -63205?
-63220
In base 8, what is -1 + -12137?
-12140
In base 12, what is -151 - 2002?
-2153
In base 7, what is 14130 - 11?
14116
In base 3, what is 112021 - -12?
112110
In base 3, what is -100 - -22102200120?
22102200020
In base 4, what is -220230323 + -10?
-220230333
In base 11, what is 5a - -2?
61
In base 5, what is -3 + 4433043?
4433040
In base 2, what is 10 - 111011011011011110?
-111011011011011100
In base 12, what is -6502a + 5?
-65025
In base 16, what is -2e5 - 316?
-5fb
In base 4, what is -2110131012 + -11?
-2110131023
In base 16, what is -5 + ded1?
decc
In base 2, what is 1100010110 + 1001011?
1101100001
In base 9, what is -44 - 28450?
-28504
In base 7, what is -4330 + 2333?
-1664
In base 12, what is -2bb00 + 17?
-2baa5
In base 8, what is 756505 + 11?
756516
In base 7, what is 2360 + 12?
2402
In base 16, what is 13a6 - -a?
13b0
In base 4, what is -1232012 - -32313?
-1133033
In base 2, what is 11010011 - -1011110111?
1111001010
In base 9, what is -134 + 6?
-127
In base 12, what is 454817 + -3?
454814
In base 3, what is -10 + -1110121220?
-1110122000
In base 3, what is -1020 - 1022?
-2112
In base 11, what is 1 - -2935?
2936
In base 13, what is -1 + -6bb31?
-6bb32
In base 14, what is -32bb18 + -2?
-32bb1a
In base 7, what is 2 - 23565?
-23563
In base 5, what is 2000 + 4113?
11113
In base 14, what is -5379c - 1c?
-537ba
In base 2, what is -10 + -1001100000001001?
-1001100000001011
In base 8, what is 13 - -110377?
110412
In base 13, what is 79 + 2636?
26b2
In base 14, what is -88 - 4b?
-d5
In base 7, what is 1502 - 44?
1425
In base 15, what is 46 + 4d8?
52e
In base 2, what is 11 - 110010110100111?
-110010110100100
In base 9, what is -2 - 3667?
-3670
In base 7, what is 3 - 4024651?
-4024645
In base 11, what is -1311 - 161?
-1472
In base 4, what is -200332320 - 1?
-200332321
In base 14, what is 83 - -944?
9c7
In base 2, what is -10001000 + 1100000000011?
1011101111011
In base 2, what is 1011 - -1111100001110011?
1111100001111110
In base 10, what is 6673 - -81?
6754
In base 6, what is -31 - 1123323?
-1123354
In base 9, what is -58 + -66?
-135
In base 6, what is -104 + -1023402?
-1023510
In base 3, what is -212020 - -222222?
10202
In base 14, what is 855c0 - -3?
855c3
In base 2, what is -111011 + -100110110?
-101110001
In base 10, what is -133 - -1900?
1767
In base 11, what is 737 + 1a7?
933
In base 7, what is -551 + -525?
-1406
In base 8, what is 2775 - -154?
3151
In base 13, what is 1 - 946b?
-946a
In base 10, what is 157449 + -5?
157444
In base 9, what is 25 - -736?
762
In base 13, what is 5c7 + -136?
491
In base 13, what is -6 - 2464?
-246a
In base 9, what is 5 + -656136?
-656131
In base 13, what is -3807 - 7?
-3811
In base 3, what is -10 + -1100000111?
-1100000121
In base 15, what is 143ed + -c?
143e1
In base 3, what is -11 + -1100121?
-1100202
In base 16, what is -3 - -5ecc?
5ec9
In base 5, what is -1241334 - 2?
-1241341
In base 16, what is -6fe83 - -5?
-6fe7e
In base 12, what is -5 + -16a537?
-16a540
In base 16, what is 1 + 113df?
113e0
In base 6, what is 1 - 155524?
-155523
In base 7, what is 503 - 3?
500
In base 2, what is 10001101100 - 10000110001?
111011
In base 16, what is -d9 - 39?
-112
In base 4, what is -11 + -3213311?
-3213322
In base 6, what is 13 + -2344?
-2331
In base 5, what is 1023423 + -10?
1023413
In base 15, what is 1ac - 0?
1ac
In base 10, what is 95 - 889?
-794
In base 14, what is 78d4 - -2a?
7920
In base 7, what is -105 + 1034?
626
In base 10, what is -22001 - -12?
-21989
In base 15, what is 18 - -281d?
2836
In base 8, what is -5665 - -21?
-5644
In base 4, what is 31231 - 10130?
21101
In base 8, what is -6 + 32427?
32421
In base 16, what is -17860 - -5?
-1785b
In base 14, what is 1bca - -2?
1bcc
In base 13, what is -a4 + 349?
275
In base 3, what is -2002002 + -1100201?
-10102210
In base 12, what is 48 - -1518?
1564
In base 14, what is 2 + -4726?
-4724
In base 10, what is 2454 - -400?
2854
In base 8, what is -6 - -431506?
431500
In base 11, what is 3 + 8299?
82a1
In base 6, what is -1 + 3102303?
3102302
In base 14, what is 14 + -17c6?
-17b2
In base 9, what is -4077 - -12?
-4065
In base 6, what is -3 - 3540043?
-3540050
In base 6, what is 14405 + -141?
14224
In base 5, what is -30 - 234111?
-234141
In base 11, what is -224 - -894?
670
In base 6, what is -13350 + -110?
-13500
In base 8, what is -331 - -127?
-202
In base 9, what is -17752 + 14?
-17737
In base 14, what is 16a26 - -4?
16a2a
In base 9, what is -203 + -3403?
-3606
In base 3, what is -12 - 11010211210?
-11010211222
In base 2, what is 111010110011101 - 1101?
111010110010000
In base 15, what is 261d - -5d?
267b
In base 14, what is 15 + -4d14?
-4cdd
In base 15, what is -3c1 + 17?
-3a9
In base 6, what is 23254024 + -4?
23254020
In base 6, what is -225 - -155444?
155215
In base 13, what is b5b681 + -3?
b5b67b
In base 16, what is -1d7c - 92?
-1e0e
In base 13, what is -1 + 216a?
2169
In base 9, what is 21282 - -5?
21287
In base 10, what is 21185 - -40?
21225
In base 2, what is 1011 - -10000010001101001?
10000010001110100
In base 4, what is -3111 + 1023331?
1020220
In base 16, what is -4 + a8d7?
a8d3
In base 5, what is 320310 - -300?
321110
In base 4, what is -11213131123 + 3?
-11213131120
In base 11, wha